at is x(-24)?
5
Let r(g) = -g**3 - 4*g**2 - 3*g - 14. Calculate r(-6).
76
Let p(x) = x**3 - 23*x**2 + 6*x - 296. Give p(23).
-158
Let j(f) = -21*f**3 - 1092*f**2 - 3*f - 158. Give j(-52).
-2
Let p(x) = -10*x - 286. Calculate p(-22).
-66
Let a(b) = 96*b - 682. What is a(7)?
-10
Let v(c) = c**3 + 400*c**2 + 382*c - 6780. What is v(-399)?
3
Let i(h) = -h**2 - 23*h + 100. Give i(20).
-760
Let x(o) = -o**3 + 17*o**2 - 47*o + 50. Calculate x(14).
-20
Let p(a) = 942*a - 6591. Give p(7).
3
Let q(k) = 2337*k - 9350. Give q(4).
-2
Let n(c) = -21*c + 42. Determine n(-7).
189
Let u(y) = -76*y - 2591. What is u(-34)?
-7
Let j(n) = -n**3 - 18*n**2 + 65*n + 536. Determine j(-20).
36
Let o(m) = 10*m**2 - 66*m + 10. What is o(-7)?
962
Let q(u) = u**3 + u**2 - 64*u - 190. Give q(-3).
-16
Let z(p) = p**2 + 23*p - 151. Determine z(6).
23
Let q(s) = -3*s + 110. Calculate q(15).
65
Let u(v) = 13*v**2 + 10*v - 4. Give u(-1).
-1
Let s(z) = 27*z - 1723. Give s(82).
491
Let a(o) = 2*o**2 + 14*o + 34. Determine a(-3).
10
Let o(x) = -44*x + 1484. Determine o(38).
-188
Let p(d) = -2341*d + 4778. Calculate p(2).
96
Let y(q) = 1379*q - 31721. Calculate y(23).
-4
Let t(l) = 7*l**2 - 47*l + 31. Give t(6).
1
Let j(m) = -m**2 + 169*m - 649. Give j(4).
11
Let a(s) = -149*s - 3474. What is a(-23)?
-47
Let c(x) = 11*x**2 + 191*x - 149. Calculate c(-18).
-23
Let j(v) = -9*v + 646. What is j(72)?
-2
Let w(s) = s**3 + 48*s**2 + 106*s + 581. Give w(-46).
-63
Let k(l) = 373*l + 7. What is k(-1)?
-366
Let v(s) = 8*s**2 - 49*s - 281. Determine v(9).
-74
Let a(t) = -681*t + 9517. Calculate a(14).
-17
Let i(f) = -f**3 - 18*f**2 + 20*f + 303. Calculate i(-18).
-57
Let z(g) = -g**3 + 130*g**2 - 14*g + 1787. What is z(130)?
-33
Let v(d) = 2*d**2 - 6*d + 41. Give v(0).
41
Let w(y) = -y**3 - 8*y**2 - 10*y - 47. Determine w(-9).
124
Let v(d) = 47*d + 190. Give v(6).
472
Let u(k) = -k**2 - 148*k - 2877. Determine u(-23).
-2
Let q(r) = -24*r**2 + 339*r - 1098. What is q(5)?
-3
Let i(v) = -v**2 + 7*v - 204. Determine i(33).
-1062
Let d(c) = 2*c**2 - 98*c - 313. Calculate d(52).
-1
Let y(b) = 94*b - 561. Determine y(7).
97
Let m(l) = -44*l + 161. Calculate m(8).
-191
Let h(u) = 7*u**2 - 82*u - 25. Determine h(6).
-265
Let a(v) = v**2 + 72*v + 233. Determine a(-68).
-39
Let d(f) = 295*f**2 + 597*f + 6. Give d(-2).
-8
Let p(z) = -4*z**2 - 10*z - 4. Determine p(-5).
-54
Let b(u) = 58*u - 521. Calculate b(9).
1
Let b(c) = 12*c**2 + 26*c - 33. Give b(5).
397
Let u(p) = 3*p**2 + 3*p + 8. Give u(-2).
14
Let x(y) = 6*y**2 - 334*y + 1019. Determine x(3).
71
Let k(f) = 2*f**2 - 29*f + 90. What is k(5)?
-5
Let y(s) = 317*s - 1261. What is y(4)?
7
Let b(j) = -95*j - 1797. What is b(-19)?
8
Let p(c) = 7*c**3 - 34*c**2 + 53*c - 283. Calculate p(5).
7
Let s(q) = 1949*q - 13623. Calculate s(7).
20
Let r(h) = -h**3 - 35*h**2 + 36*h + 24. Determine r(-36).
24
Let u(n) = 2*n**2 + 20*n + 75. Calculate u(-3).
33
Let a(u) = 38*u - 319. What is a(8)?
-15
Let p(v) = 19*v - 5. What is p(0)?
-5
Let s(b) = -652*b - 2665. What is s(-4)?
-57
Let l(b) = b**3 + 9*b**2 + 6*b + 67. Give l(-9).
13
Let l(w) = -7*w**3 - 2*w**2 - 6*w - 5. What is l(-2)?
55
Let n(r) = 28*r - 1208. Give n(43).
-4
Let y(q) = 4*q**2 + 26*q - 33. Give y(-10).
107
Let q(v) = 1168*v + 9347. What is q(-8)?
3
Let i(g) = 8*g**2 - 170*g - 534. What is i(24)?
-6
Let u(w) = 2*w**3 - 224*w**2 - 231*w + 579. Determine u(113).
14
Let b(j) = j**3 + 60*j**2 - 199*j - 622. Calculate b(-63).
8
Let q(k) = 47*k - 22. Calculate q(5).
213
Let c(d) = 52*d + 265. Give c(-4).
57
Let s(x) = 122*x + 6947. Calculate s(-57).
-7
Let v(a) = 86*a - 985. Calculate v(11).
-39
Let z(i) = -1044*i + 5233. Calculate z(5).
13
Let t(l) = 23506*l - 70516. Determine t(3).
2
Let p(a) = 109*a + 2253. What is p(-21)?
-36
Let y(v) = -v**2 - 410*v + 28. Give y(0).
28
Let d(o) = o**3 + o**2 + 11*o + 3. What is d(0)?
3
Let u(l) = -l**3 + 60*l**2 + 124*l - 6. Determine u(62).
-6
Let l(s) = -18*s - 34. Give l(-8).
110
Let w(k) = k**3 + 22*k**2 + 5*k + 143. Calculate w(-22).
33
Let z(q) = 3*q**3 - 2*q**2 - 68*q + 18. Calculate z(5).
3
Let j(y) = 4*y**2 - 119*y - 15. What is j(30)?
15
Let i(v) = 4*v - 252. Calculate i(54).
-36
Let p(c) = 147*c - 4109. Give p(28).
7
Let i(v) = -v**3 + 66*v**2 + 428*v + 288. What is i(72)?
0
Let z(y) = -5*y**3 - 24*y**2 - 2*y - 7. Determine z(-5).
28
Let s(p) = -2*p**3 - 15*p**2 + 60*p + 104. Determine s(-10).
4
Let i(r) = 132*r - 14117. Give i(107).
7
Let h(k) = 56*k - 4426. Give h(79).
-2
Let x(g) = -2*g**3 + 2*g**2 - 3*g + 1. What is x(0)?
1
Let d(p) = 46*p + 1097. Give d(-26).
-99
Let s(w) = w**3 + 54*w**2 + 438*w - 94. Calculate s(-44).
-6
Let q(t) = 5*t**3 - 7*t**2 - 130*t + 533. Give q(4).
221
Let u(r) = -4*r**2 + 53*r + 158. Calculate u(-3).
-37
Let s(m) = -m**3 - 93*m**2 - 91*m + 105. What is s(-92)?
13
Let u(c) = 2*c**3 - 19*c**2 - 35*c + 38. What is u(11)?
16
Let o(n) = -4*n**2 - 558*n - 2160. What is o(-4)?
8
Let r(o) = -14*o + 22. Calculate r(9).
-104
Let m(d) = -d**2 - 211*d + 651. Determine m(3).
9
Let j(l) = -l**2 - 140*l - 340. Calculate j(-138).
-64
Let b(h) = -2*h**3 + 40*h**2 + 33*h + 8. Give b(21).
-181
Let l(d) = 34*d + 751. Give l(-21).
37
Let z(c) = -c**3 + 10*c**2 + 11*c + 48. Give z(0).
48
Let i(n) = -14*n + 589. Give i(39).
43
Let z(j) = -9*j - 171. What is z(-41)?
198
Let j(h) = h**2 + 10*h - 82. Calculate j(-14).
-26
Let v(q) = 40*q - 607. Give v(16).
33
Let k(a) = 128*a - 47. What is k(0)?
-47
Let j(q) = 11*q - 124. Determine j(-15).
-289
Let g(w) = w**3 + 34*w**2 + 237*w + 1. Calculate g(-10).
31
Let r(o) = 6*o**2 - 647*o + 10. Calculate r(108).
118
Let l(c) = 2*c**3 + 85*c**2 + 272*c - 37. Determine l(-39).
2
Let i(f) = -3*f**2 - 122*f + 220. Determine i(-42).
52
Let q(m) = -3*m + 2. Calculate q(16).
-46
Let p(y) = 148*y - 26781. What is p(181)?
7
Let i(s) = 7*s**3 - 7*s**2 + 3*s - 13. Calculate i(3).
122
Let b(r) = -r**2 - 21*r - 50. Calculate b(-21).
-50
Let b(r) = -r**3 + 4*r**2 - 4*r - 40. Give b(0).
-40
Let d(g) = -g**3 + 3*g**2 + 54*g - 92. Determine d(6).
124
Let t(y) = y**3 - y**2 + y - 18. Calculate t(5).
87
Let a(s) = s**3 - 44*s**2 - 3*s - 196. Give a(44).
-328
Let w(z) = -z**2 + 630*z + 3178. Calculate w(-5).
3
Let l(y) = -126*y + 355. What is l(5)?
-275
Let c(n) = -14*n**2 - 17*n + 31. Determine c(2).
-59
Let z(h) = -488*h - 10278. Give z(-21).
-30
Let b(f) = f**2 - 13*f - 326. Determine b(-14).
52
Let x(v) = -8*v**2 + v + 14. What is x(-3)?
-61
Let s(w) = 86*w + 1026. Determine s(-12).
-6
Let b(k) = -k**2 - 10*k - 8. Determine b(-5).
17
Let k(f) = 189*f + 1121. Give k(-6).
-13
Let n(u) = 496*u - 9420. Give n(19).
4
Let c(i) = i**3 + 23*i**2 + 87*i - 243. What is c(-17)?
12
Let g(c) = c**2 + 45*c - 658. What is g(11)?
-42
Let s(k) = -k**3 + 103*k**2 - 224*k + 2220. Give s(101).
-2
Let p(h) = 2*h**2 + 57*h + 347. Determine p(-14).
-59
Let a(x) = -15*x**2 + 59*x + 78. Give a(5).
-2
Let u(d) = 33*d + 1234. Determine u(-32).
178
Let i(x) = 401*x + 29281. Calculate i(-73).
8
Let g(y) = 7*y - 77. What is g(8)?
-21
Let v(r) = r**2 - 32*r - 2756. Give v(71).
13
Let m(y) = -y**2 - 42*y + 10. What is m(-47)?
-225
Let y(o) = 44*o**3 - 5*o**2 - 13*o + 39. Calculate y(2).
345
Let r(c) = 3*c + 89. Give r(-15).
44
Let g(s) = -4*s**3 + 19*s**2 - 10*s - 96. What is g(7)?
-607
Let b(l) = 3*l**3 + 332*l**2 - 102*l + 1036. Calculate b(-111).
37
Let y(d) = -55*d**2 + d. What is y(1)?
-54
Let j(r) = -r**2 - 551*r - 5404. Determine j(-10).
6
Let q(i) = 10*i**2 + 982*i + 190. Give q(-98).
-6
Let n(j) = -644*j + 534. Give n(1).
-110
Let o(h) = -h**2 + 156*h + 3152. Determine o(-19).
-173
Let i(w) = -50*w - 384. Calculate i(0).
-384
Let b(a) = -a**3 + 98*a**2 - 183*a - 926. Give b(96).
-62
Let x(c) = -375*c + 54. Give x(2).
-696
Let l(k) = -41*k + 1010. Calculate l(25).
-15
Let u(z) = 355*z - 1182. What is u(3)?
-117
Let h(z) = -8*z - 259. Determine h(-31).
-11
Let r(c) = 140*c + 56. Calculate r(-1).
-84
Let u(k) = k**3 - 7*k**2 - 34*k - 14. Determine u(-3).
-2
Let a(t) = 33*t + 5011. Calculate a(-152).
-5
Let m(g) = -42*g + 3933. Calculate m(94).
-15
Let y(i) = -i**2 + 234*i + 1689. What is y(-7)?
2
Let c(p) = -116*p - 3108. Calculate c(-27).
24
Let v(x) = -1450*x - 10168. Give v(-7).
-18
Let u(o) = 3*o**2 + 41*o - 756. What is u(-24)?
-12
Let s(l) =